 factors of u.
2, 5
Let j = 44 - -52. List the prime factors of j.
2, 3
List the prime factors of (-8)/2*(-1 + 468/(-8)).
2, 7, 17
Suppose -2*x = -36 - 2. What are the prime factors of x?
19
Let f = -12 + 17. Let d(n) = n**3 + 8*n**2 - 13*n - 12. Let o be d(-9). Suppose -f*b + o = -11. List the prime factors of b.
7
Let k(j) = 3*j**2 + 5*j + 3. What are the prime factors of k(-3)?
3, 5
Let k(j) be the third derivative of -j**4/24 + 2*j**3 - j**2. Let y = -6 + 13. What are the prime factors of k(y)?
5
Suppose -5*t = 11 + 4. Let v(j) = -7*j - 2. List the prime factors of v(t).
19
Let j = 2 + -4. Let k be 4/(-2)*11/j. What are the prime factors of k - 2/4*-2?
2, 3
Let g = -5 + 10. Suppose 6*k = g*k + 2. List the prime factors of k.
2
Suppose 8*w + 6*w = 280. What are the prime factors of w?
2, 5
Let u = -15 + 8. Let h(l) be the second derivative of -l**3/6 - l**2/2 + 7*l. List the prime factors of h(u).
2, 3
Let v = 0 - -4. Let f = 27 - 22. Suppose v*j - f*j + 7 = 0. List the prime factors of j.
7
Suppose 4*i + 3*v - 586 = 0, 5*v = 3*i - 546 + 121. What are the prime factors of i?
5, 29
Suppose 3*c = -2*c + 130. What are the prime factors of c?
2, 13
Let q = -3 + 7. Suppose -b = -q*b + 33. Suppose -2*x + b = -x. What are the prime factors of x?
11
Suppose 49 - 125 = -4*l. List the prime factors of l.
19
Suppose 0 = -m - 2*m + 210. What are the prime factors of m?
2, 5, 7
Suppose -2*r + 0*r = 10. Let t(p) = 12*p**2 - 4*p - 5. Let q(y) = 13*y**2 - 5*y - 6. Let n(i) = r*q(i) + 6*t(i). What are the prime factors of n(-1)?
2, 3
Let l(f) = f**2 + f - 3. Let j be l(0). List the prime factors of 21 + (j/(-3) - -2).
2, 3
Let d(u) = 4*u**2 - 4*u + 3. What are the prime factors of d(3)?
3
Suppose 0 = 5*k - 30 - 75. Suppose -2*r - r + 54 = -5*i, 3*r = 3*i + 36. Let m = i + k. List the prime factors of m.
2, 3
Let m be 2/4*(3 - -3). Suppose 0 = -2*f - s + 75, -2*f - s = s - 78. Suppose -4*x + x + 21 = 2*r, 0 = 3*x - m*r - f. List the prime factors of x.
3
Let u be 8 + 1/(-1)*1. Suppose -2*n + 14 = 2*f, 2*n = 2*f - 3*n + u. Suppose -8*b + f*k + 4 = -4*b, -b - 2*k = -13. List the prime factors of b.
5
Suppose 0 = -4*s + 7 + 9. Let t = 5 - s. Suppose z - 2 = -3*w + 3, -t = -z + w. What are the prime factors of z?
2
What are the prime factors of (-72)/2*(-2)/4?
2, 3
Suppose -x = 1 - 21. Suppose -x = -4*m + 4. Suppose -6*o + o = -2*p - 66, o = 4*p + m. List the prime factors of o.
2, 7
Let v be -3 - 3*16/(-12). Suppose 0 = b - 9 + v. What are the prime factors of b?
2
Let r = 317 - 217. List the prime factors of r.
2, 5
Let l be 1*-9*(-7)/(-21). Let q = l + 19. What are the prime factors of q?
2
Let z be ((-3)/3)/((-2)/20). Let b = 16 - z. List the prime factors of b.
2, 3
Let t(g) = -g**2 + 10*g - 9. Let l(m) = m**3 - 6*m**2 + m. Let s be l(6). Let b be t(s). Suppose -4*q = -41 - b. What are the prime factors of q?
2, 7
What are the prime factors of 2/7 + 159/7?
23
Suppose -5*z - 3*c + 6 = 0, -4*c = -2*z - 3*c - 2. Suppose 2*v - 2 + 6 = z. What are the prime factors of (v + -1 - -4)*9?
3
Let s(z) = 2*z**2 + 9*z - 7. List the prime factors of s(9).
2, 59
Let a = -6 - -8. Suppose -b - 3*b + 2*n = -26, 2*n + 14 = a*b. What are the prime factors of b?
2, 3
Let j = 15 + -5. What are the prime factors of j?
2, 5
Suppose 2*m - 3*h = 14, 3*h - 11 = -5*m + 24. Suppose -5*b - 94 = -3*y, -4*y - m*b + 2*b + 67 = 0. Let q = y - 11. List the prime factors of q.
2, 3
Suppose 0 = y - 2*n + 6*n - 12, -5*y + 4*n = 12. Let k be 3 - ((1 - y) + 1). Suppose k - 17 = -2*g. List the prime factors of g.
2
Suppose 2*m = 7*r - 4*r + 438, -2*r = 8. What are the prime factors of m?
3, 71
Let k = 21 + -13. Suppose 5*g - k = 177. List the prime factors of g.
37
Let i = -15 - -21. What are the prime factors of i?
2, 3
Let y(b) = 12*b**2 + b + 1. List the prime factors of y(-1).
2, 3
What are the prime factors of (-9)/12 - (-396)/16?
2, 3
Let o(a) = -a**3 + 9*a**2 - a - 13. What are the prime factors of o(6)?
89
Let r(o) = -4*o - 4. Let m be r(3). Let k = m - -59. List the prime factors of k.
43
Let d = -106 - -299. List the prime factors of d.
193
Let c(q) = -q**2 + 5*q - 2. Let s be c(4). Suppose -s = -5*j + 3. List the prime factors of (j - -1) + (-2)/(-1).
2
Let d be (10/(-4) - -2)*0. Suppose j - 8 = -d*j. What are the prime factors of j?
2
Suppose 5*o - 875 = -5*w, -517 = -3*w + 2*o - 7*o. List the prime factors of w.
179
Let z(k) = k**2 - 4*k + 3. Let g be z(4). Suppose t + 4*s - 108 = -2*t, t - 36 = -g*s. List the prime factors of t.
2, 3
Let f be 5 + (1 - (3 + -2)). Suppose -33 - 1 = -f*q - x, -4*q - x = -28. What are the prime factors of q?
2, 3
Let c = -12 - -29. Suppose -2*l - c = 3*b - 48, -5*b - 3*l + 50 = 0. List the prime factors of b.
7
Let w = -25 - -99. Suppose 5*b + 4*a - 2*a = w, -4*b = -a - 54. List the prime factors of b.
2, 7
What are the prime factors of ((-4)/(-3))/(2/165)?
2, 5, 11
Let w = -51 + 91. Suppose -g = -4*j + 5, 3*g - 2*j - w = -j. List the prime factors of g.
3, 5
List the prime factors of 1*(2 + 30) + 2.
2, 17
Let w(l) = l + 74. Let b be w(0). Let a be b/8*(7 + -3). Suppose -2*i = -0*i - n - 20, 0 = -3*i + 5*n + a. List the prime factors of i.
3
Let z(a) = a**2 - a. Suppose 0*o - 5*o = -10. Let n be z(o). Suppose 4*f - 40 = -n*j, 0 - 10 = -2*f + 4*j. What are the prime factors of f?
3
Suppose 0 = -4*g + 5*u + 60 + 30, -2*g = -4*u - 42. What are the prime factors of g?
5
Suppose 0 = 4*n - s - 5, 3*n - 2*s - 7 = -2*n. Suppose -3*b = n - 7. Suppose 12 = 2*o - b. List the prime factors of o.
7
Suppose 4*x - 37 + 13 = 0. What are the prime factors of 1/x - (-753)/18?
2, 3, 7
Let a = 23 + -21. List the prime factors of a.
2
Let f be 1/(-1) - (-36)/(-3). Let p be (-1 + f/4)*-16. Suppose 8*y = 4*y + p. What are the prime factors of y?
17
Suppose 4*x - 12 - 80 = 0. List the prime factors of x.
23
List the prime factors of 3 + (-264)/(-9) + (-4)/12.
2
Suppose -y - 5*q + 69 = -97, 4*q + 830 = 5*y. What are the prime factors of y?
2, 83
Suppose -3*s - 3 = 0, -177 = -w - 3*s - 65. List the prime factors of w.
5, 23
Suppose g = 3*g - 30. Let b be 3/(6/4)*g. Suppose -4*q = 3*o + b - 90, 5*q - 5*o = 75. What are the prime factors of q?
3, 5
Let t = -22 + 45. List the prime factors of t.
23
Let x(r) = 2*r**2 - 5*r + 5. What are the prime factors of x(6)?
47
Let b(c) = -2*c + 2. Let y be b(-6). Let v be -2 + 20/4 + -45. List the prime factors of 172/y - (-12)/v.
2, 3
Let r be ((-8)/(-6))/(2/12). Let z = r - 5. Suppose 2*t - 9 = 4*o + 37, -2*o = z*t - 29. List the prime factors of t.
13
Let p be ((-3)/2)/((-6)/(-16)). Let s be 67/(-3) + (-9)/(-27). What are the prime factors of p/s - 53/(-11)?
5
Let m be 30/(-2)*(-3)/5. Let k = 9 - m. Suppose -2*x = -5*w + 90, -4*w + 2*x + 42 + 28 = k. What are the prime factors of w?
2, 5
Suppose -3*o - 8 = q, -6*q + 5*o + 2 = -2*q. List the prime factors of q/(-3)*(-30)/(-4).
5
Suppose 5*h - 3 = 12. Suppose 0*w + h*w = -c + 44, -16 = -4*w. Let f = -22 + c. What are the prime factors of f?
2, 5
Suppose 4*v - 3*h - 36 = 0, 4*v - 3*h = 2*h + 44. Let z = v - 3. What are the prime factors of z?
3
Let q = 85 + -61. List the prime factors of q.
2, 3
Let w = 365 + -234. List the prime factors of w.
131
Let x(p) be the second derivative of p**4/8 - p**3/2 + p**2/2 - 2*p. Let t(l) be the first derivative of x(l). List the prime factors of t(4).
3
Let r be ((-3)/6)/(1/(-420)). What are the prime factors of r/13 - 6/39?
2
Let g = -15 - -26. Suppose 5*l - 3*l + 6 = 0. Let c = l + g. What are the prime factors of c?
2
Suppose -3*l + 1 = -5. Suppose -k = l*k - 6. Suppose 5*p - 50 = 3*t, 2*p + t + k*t + 1 = 0. What are the prime factors of p?
7
List the prime factors of (-8)/44 - (-1 + (-8188)/22).
373
Suppose -4*r = 2*m - 3*m, -r = 4*m + 17. Let n(j) = 5*j - 11. Let g(z) = -2*z + 6. Let p(x) = 7*g(x) + 3*n(x). What are the prime factors of p(m)?
5
Suppose 4*k = i + 12, i - 3*i = 4*k - 12. Suppose -3 = -2*t + 3. Suppose i = t*a - 14 - 1. What are the prime factors of a?
5
Let m(u) = u + 35. Let q be m(0). Suppose 0 = 2*n - 7*n + q. What are the prime factors of n?
7
Let y(d) = d + 5. Let a be y(8). Let x = a + 0. List the prime factors of x.
13
What are the prime factors of (-2)/(3/(-498)*4)?
83
List the prime factors of 6*(-4)/(-6)*1.
2
Let q(z) = z**